{"id":4636,"date":"2024-12-20T15:20:13","date_gmt":"2024-12-20T12:20:13","guid":{"rendered":"https:\/\/omegabio.com.tr\/?page_id=4636"},"modified":"2025-01-10T12:45:18","modified_gmt":"2025-01-10T09:45:18","slug":"elisa-2","status":"publish","type":"page","link":"https:\/\/omegabio.com.tr\/?page_id=4636","title":{"rendered":"ELISA"},"content":{"rendered":"\t\t<div data-elementor-type=\"wp-page\" data-elementor-id=\"4636\" class=\"elementor elementor-4636\">\n\t\t\t\t\t\t<header data-particle_enable=\"false\" data-particle-mobile-disabled=\"false\" class=\"elementor-section elementor-top-section elementor-element elementor-element-11b1a7d5 elementor-section-stretched elementor-section-boxed elementor-section-height-default elementor-section-height-default\" data-id=\"11b1a7d5\" data-element_type=\"section\" data-e-type=\"section\" data-settings=\"{&quot;background_background&quot;:&quot;classic&quot;,&quot;shape_divider_bottom&quot;:&quot;tilt&quot;,&quot;stretch_section&quot;:&quot;section-stretched&quot;}\">\n\t\t\t\t\t\t\t<div class=\"elementor-background-overlay\"><\/div>\n\t\t\t\t\t\t<div class=\"elementor-shape elementor-shape-bottom\" aria-hidden=\"true\" data-negative=\"false\">\n\t\t\t<svg xmlns=\"http:\/\/www.w3.org\/2000\/svg\" viewBox=\"0 0 1000 100\" preserveAspectRatio=\"none\">\n\t<path class=\"elementor-shape-fill\" d=\"M0,6V0h1000v100L0,6z\"\/>\n<\/svg>\t\t<\/div>\n\t\t\t\t\t<div class=\"elementor-container elementor-column-gap-wider\">\n\t\t\t\t\t<div class=\"elementor-column elementor-col-100 elementor-top-column elementor-element elementor-element-4762f895\" data-id=\"4762f895\" data-element_type=\"column\" data-e-type=\"column\">\n\t\t\t<div class=\"elementor-widget-wrap elementor-element-populated\">\n\t\t\t\t\t\t<div class=\"elementor-element elementor-element-69f20ea5 elementor-invisible elementor-widget elementor-widget-heading\" data-id=\"69f20ea5\" data-element_type=\"widget\" data-e-type=\"widget\" data-settings=\"{&quot;_animation&quot;:&quot;fadeIn&quot;}\" data-widget_type=\"heading.default\">\n\t\t\t\t<div class=\"elementor-widget-container\">\n\t\t\t\t\t<h1 class=\"elementor-heading-title elementor-size-default\">Elisa Testi<\/h1>\t\t\t\t<\/div>\n\t\t\t\t<\/div>\n\t\t\t\t<div class=\"elementor-element elementor-element-56ec870b elementor-invisible elementor-widget elementor-widget-text-editor\" data-id=\"56ec870b\" data-element_type=\"widget\" data-e-type=\"widget\" data-settings=\"{&quot;_animation&quot;:&quot;fadeIn&quot;}\" data-widget_type=\"text-editor.default\">\n\t\t\t\t<div class=\"elementor-widget-container\">\n\t\t\t\t\t\t\t\t\t<p>ELISA (Enzim Ba\u011flant\u0131l\u0131 \u0130mm\u00fcnosorbent Testi)<\/p>\t\t\t\t\t\t\t\t<\/div>\n\t\t\t\t<\/div>\n\t\t\t\t\t<\/div>\n\t\t<\/div>\n\t\t\t\t\t<\/div>\n\t\t<\/header>\n\t\t<div data-particle_enable=\"false\" data-particle-mobile-disabled=\"false\" class=\"elementor-element elementor-element-304c4c8 e-flex e-con-boxed e-con e-parent\" data-id=\"304c4c8\" data-element_type=\"container\" data-e-type=\"container\">\n\t\t\t\t\t<div class=\"e-con-inner\">\n\t\t\t\t<div class=\"elementor-element elementor-element-f72ae45 elementor-widget elementor-widget-spacer\" data-id=\"f72ae45\" data-element_type=\"widget\" data-e-type=\"widget\" data-widget_type=\"spacer.default\">\n\t\t\t\t<div class=\"elementor-widget-container\">\n\t\t\t\t\t\t\t<div class=\"elementor-spacer\">\n\t\t\t<div class=\"elementor-spacer-inner\"><\/div>\n\t\t<\/div>\n\t\t\t\t\t\t<\/div>\n\t\t\t\t<\/div>\n\t\t\t\t\t<\/div>\n\t\t\t\t<\/div>\n\t\t<div data-particle_enable=\"false\" data-particle-mobile-disabled=\"false\" class=\"elementor-element elementor-element-dceec3e e-flex e-con-boxed e-con e-parent\" data-id=\"dceec3e\" data-element_type=\"container\" data-e-type=\"container\">\n\t\t\t\t\t<div class=\"e-con-inner\">\n\t\t\t\t<div class=\"elementor-element elementor-element-c920a02 elementor-widget elementor-widget-text-editor\" data-id=\"c920a02\" data-element_type=\"widget\" data-e-type=\"widget\" data-widget_type=\"text-editor.default\">\n\t\t\t\t<div class=\"elementor-widget-container\">\n\t\t\t\t\t\t\t\t\t<p><strong>ELISA (Enzim Ba\u011flant\u0131l\u0131 \u0130mm\u00fcnosorbent Testi) Nedir?<\/strong><\/p><p>ELISA, ya da Enzim Ba\u011flant\u0131l\u0131 \u0130mm\u00fcnosorbent Testi, proteinler, antikorlar ve hormonlar gibi maddeleri tespit etmek ve miktarlar\u0131n\u0131 belirlemek i\u00e7in kullan\u0131lan g\u00fc\u00e7l\u00fc ve \u00e7ok y\u00f6nl\u00fc bir tan\u0131 arac\u0131d\u0131r. Bu test, t\u0131bbi tan\u0131, ara\u015ft\u0131rma ve \u00e7e\u015fitli end\u00fcstrilerde y\u00fcksek hassasiyeti ve g\u00fcvenilirli\u011fi nedeniyle yayg\u0131n olarak kullan\u0131lmaktad\u0131r. ELISA testleri son derece hassast\u0131r ve \u00e7ok k\u00fc\u00e7\u00fck miktarlardaki maddeleri tespit edebilir, bu da do\u011fru sonu\u00e7lar sa\u011flar. Bu hassasiyet, ELISA\u2019y\u0131 hastal\u0131k te\u015fhisi, sa\u011fl\u0131k durumlar\u0131n\u0131n izlenmesi ve ara\u015ft\u0131rma yapma konusunda alt\u0131n standart haline getirmi\u015ftir. ELISA, enfeksiyon hastal\u0131klar\u0131 ve alerjileri tespit etmekten, hormon seviyelerini \u00f6l\u00e7meye ve tedavi edici ila\u00e7 seviyelerini izlemeye kadar geni\u015f bir yelpazede kullan\u0131labilir. Bu \u00e7ok y\u00f6nl\u00fcl\u00fck, ELISA\u2019y\u0131 laboratuvarlar ve klinikler i\u00e7in vazge\u00e7ilmez bir ara\u00e7 yapmaktad\u0131r.<\/p><p>ELISA testleri verimlilik i\u00e7in tasarlanm\u0131\u015ft\u0131r ve sonu\u00e7lar\u0131 h\u0131zl\u0131 ve g\u00fcvenilir bir \u015fekilde sa\u011flar. Bu h\u0131zl\u0131 sonu\u00e7 s\u00fcresi, zaman\u0131nda te\u015fhis ve tedavi kararlar\u0131 i\u00e7in kritik \u00f6neme sahiptir ve hasta bak\u0131m\u0131n\u0131 ve sonu\u00e7lar\u0131n\u0131 iyile\u015ftirir. Tek bir \u00f6rne\u011fi test etmek veya binlerce \u00f6rne\u011fi test etmek gerekti\u011finde, ELISA testleri ihtiya\u00e7lar\u0131n\u0131za g\u00f6re kolayca \u00f6l\u00e7eklendirilebilir. Bu \u00f6l\u00e7eklenebilirlik, k\u00fc\u00e7\u00fck ara\u015ft\u0131rma laboratuvarlar\u0131 ve b\u00fcy\u00fck tan\u0131 merkezleri i\u00e7in idealdir.<\/p><p>ELISA\u2019n\u0131n tan\u0131 ve ara\u015ft\u0131rma ihtiya\u00e7lar\u0131n\u0131z i\u00e7in potansiyelini ke\u015ffedin. En y\u00fcksek do\u011fruluk ve verimlilik standartlar\u0131na g\u00f6re uyarlanm\u0131\u015f ELISA kitleri ve \u00e7\u00f6z\u00fcmlerimiz hakk\u0131nda daha fazla bilgi edinmek i\u00e7in bizimle ileti\u015fime ge\u00e7in.<\/p>\t\t\t\t\t\t\t\t<\/div>\n\t\t\t\t<\/div>\n\t\t\t\t\t<\/div>\n\t\t\t\t<\/div>\n\t\t\t\t<section data-particle_enable=\"false\" data-particle-mobile-disabled=\"false\" class=\"elementor-section elementor-top-section elementor-element elementor-element-25d877b4 elementor-section-boxed elementor-section-height-default elementor-section-height-default\" data-id=\"25d877b4\" data-element_type=\"section\" data-e-type=\"section\" data-settings=\"{&quot;background_background&quot;:&quot;classic&quot;}\">\n\t\t\t\t\t\t<div class=\"elementor-container elementor-column-gap-wider\">\n\t\t\t\t\t<div class=\"elementor-column elementor-col-33 elementor-top-column elementor-element elementor-element-1f79a767\" data-id=\"1f79a767\" data-element_type=\"column\" data-e-type=\"column\">\n\t\t\t<div class=\"elementor-widget-wrap elementor-element-populated\">\n\t\t\t\t\t\t<div class=\"elementor-element elementor-element-5ddadb15 elementor-position-top elementor-invisible elementor-widget elementor-widget-image-box\" data-id=\"5ddadb15\" data-element_type=\"widget\" data-e-type=\"widget\" data-settings=\"{&quot;_animation&quot;:&quot;fadeIn&quot;,&quot;_animation_delay&quot;:300}\" data-widget_type=\"image-box.default\">\n\t\t\t\t<div class=\"elementor-widget-container\">\n\t\t\t\t\t<div class=\"elementor-image-box-wrapper\"><figure class=\"elementor-image-box-img\"><a href=\"https:\/\/omegabio.com.tr\/?page_id=4452\" tabindex=\"-1\"><img decoding=\"async\" src=\"https:\/\/omegabio.com.tr\/wp-content\/uploads\/2024\/11\/Anti-Therapeutic-Mab-Quantification-Kits-01-2.svg\" title=\"Anti-Therapeutic Mab Quantification Kits-01\" alt=\"Anti-Therapeutic Mab Quantification Kits-01\" class=\"elementor-animation-grow\" loading=\"lazy\" \/><\/a><\/figure><div class=\"elementor-image-box-content\"><h3 class=\"elementor-image-box-title\"><a href=\"https:\/\/omegabio.com.tr\/?page_id=4452\">Anti-Terap\u00f6tik Mab Kantifikasyon Kitleri<\/a><\/h3><\/div><\/div>\t\t\t\t<\/div>\n\t\t\t\t<\/div>\n\t\t\t\t\t<\/div>\n\t\t<\/div>\n\t\t\t\t<div class=\"elementor-column elementor-col-33 elementor-top-column elementor-element elementor-element-9a65f69\" data-id=\"9a65f69\" data-element_type=\"column\" data-e-type=\"column\">\n\t\t\t<div class=\"elementor-widget-wrap elementor-element-populated\">\n\t\t\t\t\t\t<div class=\"elementor-element elementor-element-2793b272 elementor-position-top elementor-invisible elementor-widget elementor-widget-image-box\" data-id=\"2793b272\" data-element_type=\"widget\" data-e-type=\"widget\" data-settings=\"{&quot;_animation&quot;:&quot;fadeIn&quot;,&quot;_animation_delay&quot;:600}\" data-widget_type=\"image-box.default\">\n\t\t\t\t<div class=\"elementor-widget-container\">\n\t\t\t\t\t<div class=\"elementor-image-box-wrapper\"><figure class=\"elementor-image-box-img\"><a href=\"https:\/\/omegabio.com.tr\/?page_id=4530\" tabindex=\"-1\"><img fetchpriority=\"high\" decoding=\"async\" width=\"320\" height=\"321\" src=\"https:\/\/omegabio.com.tr\/wp-content\/uploads\/2024\/11\/Serology-Kits-1.svg\" class=\"elementor-animation-grow attachment-full size-full wp-image-3303\" alt=\"\" \/><\/a><\/figure><div class=\"elementor-image-box-content\"><h3 class=\"elementor-image-box-title\"><a href=\"https:\/\/omegabio.com.tr\/?page_id=4530\">Seroloji Kiti<\/a><\/h3><\/div><\/div>\t\t\t\t<\/div>\n\t\t\t\t<\/div>\n\t\t\t\t\t<\/div>\n\t\t<\/div>\n\t\t\t\t<div class=\"elementor-column elementor-col-33 elementor-top-column elementor-element elementor-element-57b8829e\" data-id=\"57b8829e\" data-element_type=\"column\" data-e-type=\"column\">\n\t\t\t<div class=\"elementor-widget-wrap elementor-element-populated\">\n\t\t\t\t\t\t<div class=\"elementor-element elementor-element-2c6a2358 elementor-position-top elementor-invisible elementor-widget elementor-widget-image-box\" data-id=\"2c6a2358\" data-element_type=\"widget\" data-e-type=\"widget\" data-settings=\"{&quot;_animation&quot;:&quot;fadeIn&quot;,&quot;_animation_delay&quot;:300}\" data-widget_type=\"image-box.default\">\n\t\t\t\t<div class=\"elementor-widget-container\">\n\t\t\t\t\t<div class=\"elementor-image-box-wrapper\"><figure class=\"elementor-image-box-img\"><a href=\"https:\/\/omegabio.com.tr\/?page_id=4575\" tabindex=\"-1\"><img decoding=\"async\" width=\"428\" height=\"437\" src=\"https:\/\/omegabio.com.tr\/wp-content\/uploads\/2024\/11\/Anti-Therapeutic-Mab-Quantification-Kits-01-2.svg\" class=\"elementor-animation-grow attachment-full size-full wp-image-3299\" alt=\"\" \/><\/a><\/figure><div class=\"elementor-image-box-content\"><h3 class=\"elementor-image-box-title\"><a href=\"https:\/\/omegabio.com.tr\/?page_id=4575\">Terap\u00f6tik Mab Miktar Belirleme Kitleri<\/a><\/h3><\/div><\/div>\t\t\t\t<\/div>\n\t\t\t\t<\/div>\n\t\t\t\t\t<\/div>\n\t\t<\/div>\n\t\t\t\t\t<\/div>\n\t\t<\/section>\n\t\t\t\t<\/div>\n\t\t","protected":false},"excerpt":{"rendered":"<p>Elisa Testi ELISA (Enzim Ba\u011flant\u0131l\u0131 \u0130mm\u00fcnosorbent Testi) ELISA (Enzim Ba\u011flant\u0131l\u0131 \u0130mm\u00fcnosorbent Testi) Nedir? ELISA, ya da Enzim Ba\u011flant\u0131l\u0131 \u0130mm\u00fcnosorbent Testi, [&hellip;]<\/p>\n","protected":false},"author":7,"featured_media":0,"parent":0,"menu_order":0,"comment_status":"closed","ping_status":"closed","template":"","meta":{"_eb_attr":"","_eb_data_table":"","site-sidebar-layout":"no-sidebar","site-content-layout":"","ast-site-content-layout":"full-width-container","site-content-style":"default","site-sidebar-style":"default","ast-global-header-display":"","ast-banner-title-visibility":"","ast-main-header-display":"","ast-hfb-above-header-display":"","ast-hfb-below-header-display":"","ast-hfb-mobile-header-display":"","site-post-title":"disabled","ast-breadcrumbs-content":"","ast-featured-img":"disabled","footer-sml-layout":"","ast-disable-related-posts":"","theme-transparent-header-meta":"","adv-header-id-meta":"","stick-header-meta":"","header-above-stick-meta":"","header-main-stick-meta":"","header-below-stick-meta":"","astra-migrate-meta-layouts":"default","ast-page-background-enabled":"default","ast-page-background-meta":{"desktop":{"background-color":"var(--ast-global-color-4)","background-image":"","background-repeat":"repeat","background-position":"center center","background-size":"auto","background-attachment":"scroll","background-type":"","background-media":"","overlay-type":"","overlay-color":"","overlay-opacity":"","overlay-gradient":""},"tablet":{"background-color":"","background-image":"","background-repeat":"repeat","background-position":"center center","background-size":"auto","background-attachment":"scroll","background-type":"","background-media":"","overlay-type":"","overlay-color":"","overlay-opacity":"","overlay-gradient":""},"mobile":{"background-color":"","background-image":"","background-repeat":"repeat","background-position":"center center","background-size":"auto","background-attachment":"scroll","background-type":"","background-media":"","overlay-type":"","overlay-color":"","overlay-opacity":"","overlay-gradient":""}},"ast-content-background-meta":{"desktop":{"background-color":"var(--ast-global-color-5)","background-image":"","background-repeat":"repeat","background-position":"center center","background-size":"auto","background-attachment":"scroll","background-type":"","background-media":"","overlay-type":"","overlay-color":"","overlay-opacity":"","overlay-gradient":""},"tablet":{"background-color":"var(--ast-global-color-5)","background-image":"","background-repeat":"repeat","background-position":"center center","background-size":"auto","background-attachment":"scroll","background-type":"","background-media":"","overlay-type":"","overlay-color":"","overlay-opacity":"","overlay-gradient":""},"mobile":{"background-color":"var(--ast-global-color-5)","background-image":"","background-repeat":"repeat","background-position":"center center","background-size":"auto","background-attachment":"scroll","background-type":"","background-media":"","overlay-type":"","overlay-color":"","overlay-opacity":"","overlay-gradient":""}},"footnotes":""},"class_list":["post-4636","page","type-page","status-publish","hentry"],"aioseo_notices":[],"_links":{"self":[{"href":"https:\/\/omegabio.com.tr\/index.php?rest_route=\/wp\/v2\/pages\/4636","targetHints":{"allow":["GET"]}}],"collection":[{"href":"https:\/\/omegabio.com.tr\/index.php?rest_route=\/wp\/v2\/pages"}],"about":[{"href":"https:\/\/omegabio.com.tr\/index.php?rest_route=\/wp\/v2\/types\/page"}],"author":[{"embeddable":true,"href":"https:\/\/omegabio.com.tr\/index.php?rest_route=\/wp\/v2\/users\/7"}],"replies":[{"embeddable":true,"href":"https:\/\/omegabio.com.tr\/index.php?rest_route=%2Fwp%2Fv2%2Fcomments&post=4636"}],"version-history":[{"count":6,"href":"https:\/\/omegabio.com.tr\/index.php?rest_route=\/wp\/v2\/pages\/4636\/revisions"}],"predecessor-version":[{"id":5332,"href":"https:\/\/omegabio.com.tr\/index.php?rest_route=\/wp\/v2\/pages\/4636\/revisions\/5332"}],"wp:attachment":[{"href":"https:\/\/omegabio.com.tr\/index.php?rest_route=%2Fwp%2Fv2%2Fmedia&parent=4636"}],"curies":[{"name":"wp","href":"https:\/\/api.w.org\/{rel}","templated":true}]}}